{"id":4839,"date":"2019-12-10T22:25:58","date_gmt":"2019-12-11T01:25:58","guid":{"rendered":"http:\/\/www.irdene.org.br\/irdene\/?page_id=4839"},"modified":"2021-03-20T17:47:32","modified_gmt":"2021-03-20T20:47:32","slug":"10-razoes-para-aderir","status":"publish","type":"page","link":"https:\/\/www.irdene.org.br\/irdene\/10-razoes-para-aderir\/","title":{"rendered":"10 Raz\u00f5es para aderir"},"content":{"rendered":"<div class=\"wpb-content-wrapper\"><p>[vc_row][vc_column][vc_empty_space][vc_empty_space][vc_column_text]<span style=\"font-size: 14pt;\">1- Ele passou a existir para apoiar o RDNE&#8230;<\/span><\/p>\n<p><span style=\"font-size: 14pt;\">2- Ele honra a mem\u00f3ria e os ideais dos pioneiros<\/span><\/p>\n<p><span style=\"font-size: 14pt;\">3- Ele vai impulsionar o Projeto CPM, ajudando a preparar mission\u00e1rios e plantadores de igrejas<\/span><\/p>\n<p><span style=\"font-size: 14pt;\">4- Ele vai impulsionar o Centro de Forma\u00e7\u00e3o de Capel\u00e3es&#8230;<\/span><\/p>\n<p><span style=\"font-size: 14pt;\">5- Ele vai dar suporte ao PAS &#8211; Programa de Assist\u00eancia em Sa\u00fade&#8230;<\/span><\/p>\n<p><span style=\"font-size: 14pt;\">6- Ele vai promover o CLC &#8211; Curso de Lideran\u00e7a Crist\u00e3<\/span><\/p>\n<p><span style=\"font-size: 14pt;\">7-Ele vai amparar alunos mais carentes com literatura&#8230;<\/span><\/p>\n<p><span style=\"font-size: 14pt;\">8-Ele vai prover bolsas de estudos, no RDNE, a quem precisa.<\/span><\/p>\n<p><span style=\"font-size: 14pt;\">9-Ele vai patrocinar est\u00e1gios mission\u00e1rios&#8230;<\/span><\/p>\n<p><span style=\"font-size: 14pt;\">10-Ele vai prover aux\u00edlio moradia a alunos necessitados&#8230;<\/span><\/p>\n<p><span style=\"font-size: 14pt;\">Vigie, ore e agregue-se!<\/span>[\/vc_column_text][\/vc_column][\/vc_row][vc_row][vc_column][vc_btn title=&#8221;Quero Aderir&#8221; color=&#8221;primary&#8221; size=&#8221;lg&#8221; align=&#8221;center&#8221; button_block=&#8221;true&#8221; link=&#8221;url:https%3A%2F%2Fwww.irdene.org.br%2Firdene%2Fcontribuicoes%2F|||&#8221;][\/vc_column][\/vc_row]<\/p>\n<\/div>","protected":false},"excerpt":{"rendered":"<p>[vc_row][vc_column][vc_empty_space][vc_empty_space][vc_column_text]1- Ele passou a existir para apoiar o RDNE&#8230; 2- Ele honra a mem\u00f3ria e os ideais dos pioneiros 3- Ele vai impulsionar o Projeto CPM, ajudando a preparar mission\u00e1rios e plantadores de igrejas 4- Ele vai impulsionar o Centro de Forma\u00e7\u00e3o de Capel\u00e3es&#8230; 5- Ele vai dar suporte ao PAS &#8211; Programa de Assist\u00eancia [&hellip;]<\/p>\n","protected":false},"author":1,"featured_media":0,"parent":0,"menu_order":0,"comment_status":"closed","ping_status":"closed","template":"","meta":{"footnotes":""},"class_list":["post-4839","page","type-page","status-publish","hentry","no-post-thumbnail"],"_links":{"self":[{"href":"https:\/\/www.irdene.org.br\/irdene\/wp-json\/wp\/v2\/pages\/4839","targetHints":{"allow":["GET"]}}],"collection":[{"href":"https:\/\/www.irdene.org.br\/irdene\/wp-json\/wp\/v2\/pages"}],"about":[{"href":"https:\/\/www.irdene.org.br\/irdene\/wp-json\/wp\/v2\/types\/page"}],"author":[{"embeddable":true,"href":"https:\/\/www.irdene.org.br\/irdene\/wp-json\/wp\/v2\/users\/1"}],"replies":[{"embeddable":true,"href":"https:\/\/www.irdene.org.br\/irdene\/wp-json\/wp\/v2\/comments?post=4839"}],"version-history":[{"count":8,"href":"https:\/\/www.irdene.org.br\/irdene\/wp-json\/wp\/v2\/pages\/4839\/revisions"}],"predecessor-version":[{"id":4843,"href":"https:\/\/www.irdene.org.br\/irdene\/wp-json\/wp\/v2\/pages\/4839\/revisions\/4843"}],"wp:attachment":[{"href":"https:\/\/www.irdene.org.br\/irdene\/wp-json\/wp\/v2\/media?parent=4839"}],"curies":[{"name":"wp","href":"https:\/\/api.w.org\/{rel}","templated":true}]}}

10 Razões para aderir

<div class="wpb-content-wrapper"><p>[vc_row][vc_column][vc_empty_space][vc_empty_space][vc_column_text]<span style="font-size: 14pt;">1- Ele passou a existir para apoiar o RDNE&#8230;</span></p>
<p><span style="font-size: 14pt;">2- Ele honra a memória e os ideais dos pioneiros</span></p>
<p><span style="font-size: 14pt;">3- Ele vai impulsionar o Projeto CPM, ajudando a preparar missionários e plantadores de igrejas</span></p>
<p><span style="font-size: 14pt;">4- Ele vai impulsionar o Centro de Formação de Capelães&#8230;</span></p>
<p><span style="font-size: 14pt;">5- Ele vai dar suporte ao PAS &#8211; Programa de Assistência em Saúde&#8230;</span></p>
<p><span style="font-size: 14pt;">6- Ele vai promover o CLC &#8211; Curso de Liderança Cristã</span></p>
<p><span style="font-size: 14pt;">7-Ele vai amparar alunos mais carentes com literatura&#8230;</span></p>
<p><span style="font-size: 14pt;">8-Ele vai prover bolsas de estudos, no RDNE, a quem precisa.</span></p>
<p><span style="font-size: 14pt;">9-Ele vai patrocinar estágios missionários&#8230;</span></p>
<p><span style="font-size: 14pt;">10-Ele vai prover auxílio moradia a alunos necessitados&#8230;</span></p>
<p><span style="font-size: 14pt;">Vigie, ore e agregue-se!</span>[/vc_column_text][/vc_column][/vc_row][vc_row][vc_column][vc_btn title=&#8221;Quero Aderir&#8221; color=&#8221;primary&#8221; size=&#8221;lg&#8221; align=&#8221;center&#8221; button_block=&#8221;true&#8221; link=&#8221;url:https%3A%2F%2Fwww.irdene.org.br%2Firdene%2Fcontribuicoes%2F|||&#8221;][/vc_column][/vc_row]</p>
</div>

<p>[vc_row][vc_column][vc_empty_space][vc_empty_space][vc_column_text]1- Ele passou a existir para apoiar o RDNE&#8230; 2- Ele honra a memória e os ideais dos pioneiros 3- Ele vai impulsionar o Projeto CPM, ajudando a preparar missionários e plantadores de igrejas 4- Ele vai impulsionar o Centro de Formação de Capelães&#8230; 5- Ele vai dar suporte ao PAS &#8211; Programa de Assistência [&hellip;]</p>
